[INFO] fetching crate dlog 0.1.2...
[INFO] building dlog-0.1.2 against master#881c1ac408d93bb7adaa3a51dabab9266e82eee8 for issue-85264
[INFO] extracting crate dlog 0.1.2 into /workspace/builds/worker-3/source
[INFO] validating manifest of crates.io crate dlog 0.1.2 on toolchain 881c1ac408d93bb7adaa3a51dabab9266e82eee8
[INFO] running `Command { std: "/workspace/cargo-home/bin/cargo" "+881c1ac408d93bb7adaa3a51dabab9266e82eee8" "metadata" "--manifest-path" "Cargo.toml" "--no-deps", kill_on_drop: false }`
[INFO] started tweaking crates.io crate dlog 0.1.2
[INFO] finished tweaking crates.io crate dlog 0.1.2
[INFO] tweaked toml for crates.io crate dlog 0.1.2 written to /workspace/builds/worker-3/source/Cargo.toml
[INFO] crate crates.io crate dlog 0.1.2 already has a lockfile, it will not be regenerated
[INFO] running `Command { std: "/workspace/cargo-home/bin/cargo" "+881c1ac408d93bb7adaa3a51dabab9266e82eee8" "fetch" "--manifest-path" "Cargo.toml", kill_on_drop: false }`
[INFO] [stderr]     Blocking waiting for file lock on package cache
[INFO] running `Command { std: "docker" "create" "-v" "/var/lib/crater-agent-workspace/builds/worker-3/target:/opt/rustwide/target:rw,Z" "-v" "/var/lib/crater-agent-workspace/builds/worker-3/source:/opt/rustwide/workdir:ro,Z" "-v" "/var/lib/crater-agent-workspace/cargo-home:/opt/rustwide/cargo-home:ro,Z" "-v" "/var/lib/crater-agent-workspace/rustup-home:/opt/rustwide/rustup-home:ro,Z" "-e" "SOURCE_DIR=/opt/rustwide/workdir" "-e" "CARGO_TARGET_DIR=/opt/rustwide/target" "-e" "CARGO_HOME=/opt/rustwide/cargo-home" "-e" "RUSTUP_HOME=/opt/rustwide/rustup-home" "-w" "/opt/rustwide/workdir" "-m" "1610612736" "--user" "0:0" "--network" "none" "ghcr.io/rust-lang/crates-build-env/linux@sha256:20528e8c29e4536546f0102ce88568b16ea7538393a33fcca951030f7af10457" "/opt/rustwide/cargo-home/bin/cargo" "+881c1ac408d93bb7adaa3a51dabab9266e82eee8" "metadata" "--no-deps" "--format-version=1", kill_on_drop: false }`
[INFO] [stderr] WARNING: Your kernel does not support swap limit capabilities or the cgroup is not mounted. Memory limited without swap.
[INFO] [stdout] be94ab972bc439d60b878b5988389bba0574c6825e69eb013aca0d07ef6318b0
[INFO] running `Command { std: "docker" "start" "-a" "be94ab972bc439d60b878b5988389bba0574c6825e69eb013aca0d07ef6318b0", kill_on_drop: false }`
[INFO] running `Command { std: "docker" "inspect" "be94ab972bc439d60b878b5988389bba0574c6825e69eb013aca0d07ef6318b0", kill_on_drop: false }`
[INFO] running `Command { std: "docker" "rm" "-f" "be94ab972bc439d60b878b5988389bba0574c6825e69eb013aca0d07ef6318b0", kill_on_drop: false }`
[INFO] [stdout] be94ab972bc439d60b878b5988389bba0574c6825e69eb013aca0d07ef6318b0
[INFO] running `Command { std: "docker" "create" "-v" "/var/lib/crater-agent-workspace/builds/worker-3/target:/opt/rustwide/target:rw,Z" "-v" "/var/lib/crater-agent-workspace/builds/worker-3/source:/opt/rustwide/workdir:ro,Z" "-v" "/var/lib/crater-agent-workspace/cargo-home:/opt/rustwide/cargo-home:ro,Z" "-v" "/var/lib/crater-agent-workspace/rustup-home:/opt/rustwide/rustup-home:ro,Z" "-e" "SOURCE_DIR=/opt/rustwide/workdir" "-e" "CARGO_TARGET_DIR=/opt/rustwide/target" "-e" "CARGO_INCREMENTAL=0" "-e" "RUST_BACKTRACE=full" "-e" "RUSTFLAGS=--cap-lints=forbid" "-e" "CARGO_HOME=/opt/rustwide/cargo-home" "-e" "RUSTUP_HOME=/opt/rustwide/rustup-home" "-w" "/opt/rustwide/workdir" "-m" "1610612736" "--user" "0:0" "--network" "none" "ghcr.io/rust-lang/crates-build-env/linux@sha256:20528e8c29e4536546f0102ce88568b16ea7538393a33fcca951030f7af10457" "/opt/rustwide/cargo-home/bin/cargo" "+881c1ac408d93bb7adaa3a51dabab9266e82eee8" "build" "--frozen" "--message-format=json", kill_on_drop: false }`
[INFO] [stderr] WARNING: Your kernel does not support swap limit capabilities or the cgroup is not mounted. Memory limited without swap.
[INFO] [stdout] 03858e8eb2ed8660f93d963503816689bab5db8b84f6905a673d22ef4f008619
[INFO] running `Command { std: "docker" "start" "-a" "03858e8eb2ed8660f93d963503816689bab5db8b84f6905a673d22ef4f008619", kill_on_drop: false }`
[INFO] [stderr]    Compiling proc-macro2 v1.0.24
[INFO] [stderr]    Compiling unicode-xid v0.2.1
[INFO] [stderr]    Compiling libc v0.2.80
[INFO] [stderr]    Compiling syn v1.0.53
[INFO] [stderr]    Compiling version_check v0.9.2
[INFO] [stderr]    Compiling byteorder v1.3.4
[INFO] [stderr]    Compiling unicode-segmentation v1.7.1
[INFO] [stderr]    Compiling vec_map v0.8.2
[INFO] [stderr]    Compiling once_cell v1.5.2
[INFO] [stderr]    Compiling num-traits v0.2.14
[INFO] [stderr]    Compiling indexmap v1.6.0
[INFO] [stderr]    Compiling textwrap v0.12.1
[INFO] [stderr]    Compiling proc-macro-error-attr v1.0.4
[INFO] [stderr]    Compiling proc-macro-error v1.0.4
[INFO] [stderr]    Compiling heck v0.3.1
[INFO] [stderr]    Compiling regex-automata v0.1.9
[INFO] [stderr]    Compiling quote v1.0.7
[INFO] [stderr]    Compiling atty v0.2.14
[INFO] [stderr]    Compiling dirs-sys v0.3.5
[INFO] [stderr]    Compiling errno v0.2.7
[INFO] [stderr]    Compiling time v0.1.44
[INFO] [stderr]    Compiling colored v2.0.0
[INFO] [stderr]    Compiling pager v0.16.0
[INFO] [stderr]    Compiling dirs v3.0.1
[INFO] [stderr]    Compiling num-integer v0.1.44
[INFO] [stderr]    Compiling serde_derive v1.0.118
[INFO] [stderr]    Compiling clap_derive v3.0.0-beta.2
[INFO] [stderr]    Compiling enum_dispatch v0.3.4
[INFO] [stderr]    Compiling clap v3.0.0-beta.2
[INFO] [stderr]    Compiling clap_generate v3.0.0-beta.2
[INFO] [stderr]    Compiling serde v1.0.118
[INFO] [stderr]    Compiling bstr v0.2.14
[INFO] [stderr]    Compiling chrono v0.4.19
[INFO] [stderr]    Compiling csv v1.1.5
[INFO] [stderr]    Compiling dlog v0.1.2 (/opt/rustwide/workdir)
[INFO] [stderr]     Finished dev [unoptimized + debuginfo] target(s) in 1m 19s
[INFO] running `Command { std: "docker" "inspect" "03858e8eb2ed8660f93d963503816689bab5db8b84f6905a673d22ef4f008619", kill_on_drop: false }`
[INFO] running `Command { std: "docker" "rm" "-f" "03858e8eb2ed8660f93d963503816689bab5db8b84f6905a673d22ef4f008619", kill_on_drop: false }`
[INFO] [stdout] 03858e8eb2ed8660f93d963503816689bab5db8b84f6905a673d22ef4f008619
[INFO] running `Command { std: "docker" "create" "-v" "/var/lib/crater-agent-workspace/builds/worker-3/target:/opt/rustwide/target:rw,Z" "-v" "/var/lib/crater-agent-workspace/builds/worker-3/source:/opt/rustwide/workdir:ro,Z" "-v" "/var/lib/crater-agent-workspace/cargo-home:/opt/rustwide/cargo-home:ro,Z" "-v" "/var/lib/crater-agent-workspace/rustup-home:/opt/rustwide/rustup-home:ro,Z" "-e" "SOURCE_DIR=/opt/rustwide/workdir" "-e" "CARGO_TARGET_DIR=/opt/rustwide/target" "-e" "CARGO_INCREMENTAL=0" "-e" "RUST_BACKTRACE=full" "-e" "RUSTFLAGS=--cap-lints=forbid" "-e" "CARGO_HOME=/opt/rustwide/cargo-home" "-e" "RUSTUP_HOME=/opt/rustwide/rustup-home" "-w" "/opt/rustwide/workdir" "-m" "1610612736" "--user" "0:0" "--network" "none" "ghcr.io/rust-lang/crates-build-env/linux@sha256:20528e8c29e4536546f0102ce88568b16ea7538393a33fcca951030f7af10457" "/opt/rustwide/cargo-home/bin/cargo" "+881c1ac408d93bb7adaa3a51dabab9266e82eee8" "test" "--frozen" "--no-run" "--message-format=json", kill_on_drop: false }`
[INFO] [stdout] 6ce87b705edbf10ad5657d8062355c9dc8f3f31cbdc4e070731e0180b2c55f9a
[INFO] [stderr] WARNING: Your kernel does not support swap limit capabilities or the cgroup is not mounted. Memory limited without swap.
[INFO] running `Command { std: "docker" "start" "-a" "6ce87b705edbf10ad5657d8062355c9dc8f3f31cbdc4e070731e0180b2c55f9a", kill_on_drop: false }`
[INFO] [stderr]    Compiling getrandom v0.1.15
[INFO] [stderr]    Compiling cfg-if v0.1.10
[INFO] [stderr]    Compiling wait-timeout v0.2.0
[INFO] [stderr]    Compiling rand_core v0.5.1
[INFO] [stderr]    Compiling rand_chacha v0.2.2
[INFO] [stderr]    Compiling rand_xorshift v0.2.0
[INFO] [stderr]    Compiling rand v0.7.3
[INFO] [stderr]    Compiling tempfile v3.1.0
[INFO] [stderr]    Compiling rusty-fork v0.3.0
[INFO] [stderr]    Compiling proptest v0.10.1
[INFO] [stderr]    Compiling dlog v0.1.2 (/opt/rustwide/workdir)
[INFO] [stdout] error[E0583]: file not found for module `test`
[INFO] [stdout]   --> src/main.rs:16:1
[INFO] [stdout]    |
[INFO] [stdout] 16 | mod test;
[INFO] [stdout]    | ^^^^^^^^^
[INFO] [stdout]    |
[INFO] [stdout]    = help: to create the module `test`, create file "src/test.rs" or "src/test/mod.rs"
[INFO] [stdout] 
[INFO] [stdout] 
[INFO] [stdout] error[E0425]: cannot find function `read_test_entries` in module `test`
[INFO] [stdout]    --> src/subcommands/summary.rs:291:43
[INFO] [stdout]     |
[INFO] [stdout] 291 |         summary.collect_statistics(&test::read_test_entries())
[INFO] [stdout]     |                                           ^^^^^^^^^^^^^^^^^ not found in `test`
[INFO] [stdout] 
[INFO] [stdout] 
[INFO] [stdout] error[E0425]: cannot find function `read_test_entries` in module `test`
[INFO] [stdout]    --> src/subcommands/summary.rs:320:70
[INFO] [stdout]     |
[INFO] [stdout] 320 |         assert_eq!(expected, new_summary().collect_statistics(&test::read_test_entries()));
[INFO] [stdout]     |                                                                      ^^^^^^^^^^^^^^^^^ not found in `test`
[INFO] [stdout] 
[INFO] [stdout] 
[INFO] [stdout] error[E0425]: cannot find function `read_test_entries` in module `test`
[INFO] [stdout]    --> src/subcommands/summary.rs:336:64
[INFO] [stdout]     |
[INFO] [stdout] 336 |         assert_eq!(expected, summary.collect_statistics(&test::read_test_entries()));
[INFO] [stdout]     |                                                                ^^^^^^^^^^^^^^^^^ not found in `test`
[INFO] [stdout] 
[INFO] [stdout] 
[INFO] [stdout] error[E0425]: cannot find function `read_test_entries` in module `test`
[INFO] [stdout]    --> src/subcommands/summary.rs:352:64
[INFO] [stdout]     |
[INFO] [stdout] 352 |         assert_eq!(expected, summary.collect_statistics(&test::read_test_entries()));
[INFO] [stdout]     |                                                                ^^^^^^^^^^^^^^^^^ not found in `test`
[INFO] [stdout] 
[INFO] [stdout] 
[INFO] [stdout] error[E0425]: cannot find function `read_test_entries` in module `test`
[INFO] [stdout]    --> src/subcommands/summary.rs:363:55
[INFO] [stdout]     |
[INFO] [stdout] 363 |         let stats = summary.collect_statistics(&test::read_test_entries());
[INFO] [stdout]     |                                                       ^^^^^^^^^^^^^^^^^ not found in `test`
[INFO] [stdout] 
[INFO] [stdout] 
[INFO] [stdout] error[E0425]: cannot find function `read_test_entries` in module `test`
[INFO] [stdout]    --> src/subcommands/summary.rs:375:55
[INFO] [stdout]     |
[INFO] [stdout] 375 |         let stats = summary.collect_statistics(&test::read_test_entries());
[INFO] [stdout]     |                                                       ^^^^^^^^^^^^^^^^^ not found in `test`
[INFO] [stdout] 
[INFO] [stdout] 
[INFO] [stdout] error[E0425]: cannot find function `read_test_entries` in module `test`
[INFO] [stdout]    --> src/subcommands/summary.rs:404:55
[INFO] [stdout]     |
[INFO] [stdout] 404 |         let stats = summary.collect_statistics(&test::read_test_entries());
[INFO] [stdout]     |                                                       ^^^^^^^^^^^^^^^^^ not found in `test`
[INFO] [stdout] 
[INFO] [stdout] 
[INFO] [stdout] error[E0425]: cannot find function `read_test_entries` in module `test`
[INFO] [stdout]    --> src/subcommands/summary.rs:424:55
[INFO] [stdout]     |
[INFO] [stdout] 424 |         let stats = summary.collect_statistics(&test::read_test_entries());
[INFO] [stdout]     |                                                       ^^^^^^^^^^^^^^^^^ not found in `test`
[INFO] [stdout] 
[INFO] [stdout] 
[INFO] [stdout] error[E0425]: cannot find function `read_test_entries` in module `test`
[INFO] [stdout]    --> src/subcommands/summary.rs:438:55
[INFO] [stdout]     |
[INFO] [stdout] 438 |         let stats = summary.collect_statistics(&test::read_test_entries());
[INFO] [stdout]     |                                                       ^^^^^^^^^^^^^^^^^ not found in `test`
[INFO] [stdout] 
[INFO] [stdout] 
[INFO] [stdout] error[E0425]: cannot find function `generate_valid_entry` in module `test`
[INFO] [stdout]    --> src/entries/entry.rs:245:44
[INFO] [stdout]     |
[INFO] [stdout] 245 |         fn test_valid_entry(entry in test::generate_valid_entry()) {
[INFO] [stdout]     |                                            ^^^^^^^^^^^^^^^^^^^^ not found in `test`
[INFO] [stdout] 
[INFO] [stdout] 
[INFO] [stdout] error[E0425]: cannot find function `generate_complete_entry` in module `test`
[INFO] [stdout]    --> src/entries/entry.rs:252:47
[INFO] [stdout]     |
[INFO] [stdout] 252 |         fn test_complete_entry(entry in test::generate_complete_entry()) {
[INFO] [stdout]     |                                               ^^^^^^^^^^^^^^^^^^^^^^^ not found in `test`
[INFO] [stdout] 
[INFO] [stdout] 
[INFO] [stdout] error: aborting due to 12 previous errors
[INFO] [stdout] 
[INFO] [stdout] 
[INFO] [stdout] Some errors have detailed explanations: E0425, E0583.
[INFO] [stdout] 
[INFO] [stdout] For more information about an error, try `rustc --explain E0425`.
[INFO] [stdout] 
[INFO] [stderr] error: could not compile `dlog`
[INFO] [stderr] 
[INFO] [stderr] To learn more, run the command again with --verbose.
[INFO] running `Command { std: "docker" "inspect" "6ce87b705edbf10ad5657d8062355c9dc8f3f31cbdc4e070731e0180b2c55f9a", kill_on_drop: false }`
[INFO] running `Command { std: "docker" "rm" "-f" "6ce87b705edbf10ad5657d8062355c9dc8f3f31cbdc4e070731e0180b2c55f9a", kill_on_drop: false }`
[INFO] [stdout] 6ce87b705edbf10ad5657d8062355c9dc8f3f31cbdc4e070731e0180b2c55f9a
